{"id":1875,"date":"2021-05-18T16:31:10","date_gmt":"2021-05-18T14:31:10","guid":{"rendered":"https:\/\/www.pefc.ch\/?page_id=1875"},"modified":"2024-01-31T09:00:27","modified_gmt":"2024-01-31T08:00:27","slug":"couts","status":"publish","type":"page","link":"https:\/\/www.pefc.ch\/fr\/pour-les-proprietaires-forestiers\/couts\/","title":{"rendered":"Co\u00fbts"},"content":{"rendered":"\n<div class=\"wp-block-columns is-layout-flex wp-container-core-columns-is-layout-9d6595d7 wp-block-columns-is-layout-flex\">\n<div class=\"wp-block-column is-layout-flow wp-block-column-is-layout-flow\"><\/div>\n<\/div>\n\n\n\n<div class=\"wp-block-group\"><div class=\"wp-block-group__inner-container is-layout-flow wp-block-group-is-layout-flow\"><\/div><\/div>\n\n\n\n<p>a) Certification pour un propri\u00e9taire forestier individuel (co\u00fbt de l&rsquo;audit par l&rsquo;organe de certification en sus)<\/p>\n\n\n\n<figure class=\"wp-block-table is-style-stripes\"><table><thead><tr><th><br><strong>Classe de frais<\/strong> en<strong> CHF<\/strong><\/th><th>Contribution <strong>PEFC <\/strong><\/th><\/tr><\/thead><tbody><tr><td>Surface foresti\u00e8re<sup>1<\/sup> &lt;\/= 600 ha<\/td><td>150 CHF par an et par entreprise<\/td><\/tr><tr><td>Surface foresti\u00e8re&gt; 600 ha<\/td><td>0,05 par an et par entreprise<\/td><\/tr><\/tbody><\/table><figcaption class=\"wp-element-caption\"><sup>1 <\/sup>&nbsp;Est admis comme surface foresti\u00e8re une aire bois\u00e9e d&rsquo;un tenant. Les surfaces sont arrondies \u00e0&nbsp; l&rsquo;hectare.<\/figcaption><\/figure>\n\n\n\n<div style=\"height:55px\" aria-hidden=\"true\" class=\"wp-block-spacer\"><\/div>\n\n\n\n<p>b) Certification regroup\u00e9e&nbsp; (co\u00fbt de l&rsquo;audit par l&rsquo;organe de certification en sus)<\/p>\n\n\n\n<figure class=\"wp-block-table is-style-stripes\"><table><thead><tr><th><strong><strong>Classe de frais en<\/strong> CHF<\/strong><\/th><th>Contribution <strong>PEFC <\/strong><\/th><\/tr><\/thead><tbody><tr><td>Surface foresti\u00e8re<sup>2<\/sup> &lt;\/= 600 ha<\/td><td>150 CHF par an et par entreprise<\/td><\/tr><tr><td>Surface foresti\u00e8re&gt; 600 ha<\/td><td>0,05 CHF par an et par entreprise<\/td><\/tr><\/tbody><\/table><figcaption class=\"wp-element-caption\"><sup>2<\/sup> Est admis comme surface foresti\u00e8re de l&rsquo;ensemble des propri\u00e9taires forestiers une aire bois\u00e9e d&rsquo;un tenant. Les surfaces sont arrondies \u00e0 l&rsquo;hectare.<\/figcaption><\/figure>\n","protected":false},"excerpt":{"rendered":"<p>Der Preis der Chain-of-Custody-Zertifizierung ist \u2013 anders als die Kosten der Waldzertifizierung \u2013 nicht an Fl\u00e4chengr\u00f6ssen gebunden. Stattdessen ist er abh\u00e4ngig von den Kostens\u00e4tzen der einzelnen Zertifizierer.<\/p>\n","protected":false},"author":1,"featured_media":0,"parent":1618,"menu_order":4,"comment_status":"closed","ping_status":"closed","template":"","meta":{"_eb_attr":"","inline_featured_image":false,"footnotes":"","_links_to":"","_links_to_target":""},"class_list":["post-1875","page","type-page","status-publish","hentry"],"aioseo_notices":[],"_links":{"self":[{"href":"https:\/\/www.pefc.ch\/fr\/wp-json\/wp\/v2\/pages\/1875","targetHints":{"allow":["GET"]}}],"collection":[{"href":"https:\/\/www.pefc.ch\/fr\/wp-json\/wp\/v2\/pages"}],"about":[{"href":"https:\/\/www.pefc.ch\/fr\/wp-json\/wp\/v2\/types\/page"}],"author":[{"embeddable":true,"href":"https:\/\/www.pefc.ch\/fr\/wp-json\/wp\/v2\/users\/1"}],"replies":[{"embeddable":true,"href":"https:\/\/www.pefc.ch\/fr\/wp-json\/wp\/v2\/comments?post=1875"}],"version-history":[{"count":8,"href":"https:\/\/www.pefc.ch\/fr\/wp-json\/wp\/v2\/pages\/1875\/revisions"}],"predecessor-version":[{"id":4580,"href":"https:\/\/www.pefc.ch\/fr\/wp-json\/wp\/v2\/pages\/1875\/revisions\/4580"}],"up":[{"embeddable":true,"href":"https:\/\/www.pefc.ch\/fr\/wp-json\/wp\/v2\/pages\/1618"}],"wp:attachment":[{"href":"https:\/\/www.pefc.ch\/fr\/wp-json\/wp\/v2\/media?parent=1875"}],"curies":[{"name":"wp","href":"https:\/\/api.w.org\/{rel}","templated":true}]}}

Coûts

<div class="wp-block-columns is-layout-flex wp-container-core-columns-is-layout-9d6595d7 wp-block-columns-is-layout-flex">
<div class="wp-block-column is-layout-flow wp-block-column-is-layout-flow"></div>
</div>



<div class="wp-block-group"><div class="wp-block-group__inner-container is-layout-flow wp-block-group-is-layout-flow"></div></div>



<p>a) Certification pour un propriétaire forestier individuel (coût de l&rsquo;audit par l&rsquo;organe de certification en sus)</p>



<figure class="wp-block-table is-style-stripes"><table><thead><tr><th><br><strong>Classe de frais</strong> en<strong> CHF</strong></th><th>Contribution <strong>PEFC </strong></th></tr></thead><tbody><tr><td>Surface forestière<sup>1</sup> &lt;/= 600 ha</td><td>150 CHF par an et par entreprise</td></tr><tr><td>Surface forestière&gt; 600 ha</td><td>0,05 par an et par entreprise</td></tr></tbody></table><figcaption class="wp-element-caption"><sup>1 </sup>&nbsp;Est admis comme surface forestière une aire boisée d&rsquo;un tenant. Les surfaces sont arrondies à&nbsp; l&rsquo;hectare.</figcaption></figure>



<div style="height:55px" aria-hidden="true" class="wp-block-spacer"></div>



<p>b) Certification regroupée&nbsp; (coût de l&rsquo;audit par l&rsquo;organe de certification en sus)</p>



<figure class="wp-block-table is-style-stripes"><table><thead><tr><th><strong><strong>Classe de frais en</strong> CHF</strong></th><th>Contribution <strong>PEFC </strong></th></tr></thead><tbody><tr><td>Surface forestière<sup>2</sup> &lt;/= 600 ha</td><td>150 CHF par an et par entreprise</td></tr><tr><td>Surface forestière&gt; 600 ha</td><td>0,05 CHF par an et par entreprise</td></tr></tbody></table><figcaption class="wp-element-caption"><sup>2</sup> Est admis comme surface forestière de l&rsquo;ensemble des propriétaires forestiers une aire boisée d&rsquo;un tenant. Les surfaces sont arrondies à l&rsquo;hectare.</figcaption></figure>

<p>Der Preis der Chain-of-Custody-Zertifizierung ist – anders als die Kosten der Waldzertifizierung – nicht an Flächengrössen gebunden. Stattdessen ist er abhängig von den Kostensätzen der einzelnen Zertifizierer.</p>
